sor of 11248 and 370?
74
What is the greatest common divisor of 8621 and 37?
37
What is the greatest common factor of 1224 and 2312?
136
What is the greatest common factor of 54 and 9162?
18
Calculate the greatest common divisor of 4810 and 5.
5
Calculate the greatest common factor of 10 and 235.
5
What is the highest common factor of 372 and 6?
6
What is the greatest common divisor of 78 and 351?
39
Calculate the greatest common divisor of 113 and 7.
1
Calculate the highest common factor of 24 and 12.
12
What is the highest common divisor of 65 and 104?
13
Calculate the highest common divisor of 8 and 328.
8
Calculate the highest common factor of 26 and 65.
13
What is the greatest common factor of 1500 and 12?
12
Calculate the highest common factor of 195 and 9425.
65
What is the highest common divisor of 512 and 4?
4
What is the highest common factor of 23 and 9?
1
Calculate the highest common factor of 104 and 24492.
52
Calculate the greatest common factor of 1834 and 14.
14
Calculate the greatest common divisor of 60 and 24.
12
Calculate the highest common divisor of 132 and 8679.
33
What is the highest common divisor of 50 and 2075?
25
What is the highest common divisor of 69 and 2645?
23
Calculate the greatest common divisor of 760 and 4655.
95
What is the highest common factor of 5888 and 896?
128
Calculate the highest common factor of 800 and 27040.
160
Calculate the highest common divisor of 62 and 496.
62
Calculate the highest common divisor of 1443 and 333.
111
What is the greatest common factor of 288 and 2916?
36
Calculate the greatest common factor of 11 and 2585.
11
What is the greatest common divisor of 836 and 132?
44
What is the greatest common divisor of 19 and 2622?
19
What is the highest common factor of 4025 and 1400?
175
Calculate the greatest common factor of 1540 and 55.
55
What is the highest common divisor of 6222 and 51?
51
What is the greatest common factor of 60 and 15?
15
What is the greatest common factor of 464 and 4031?
29
What is the greatest common divisor of 8613 and 33?
33
What is the highest common divisor of 116 and 783?
29
Calculate the greatest common factor of 817 and 19.
19
What is the greatest common factor of 14 and 154?
14
What is the highest common factor of 2168 and 16?
8
Calculate the highest common divisor of 42 and 2562.
42
What is the greatest common factor of 1562 and 22?
22
What is the highest common factor of 5103 and 189?
189
What is the greatest common divisor of 270 and 70?
10
What is the highest common factor of 12994 and 178?
178
What is the greatest common divisor of 360 and 70?
10
What is the greatest common divisor of 40 and 35?
5
What is the highest common factor of 27186 and 138?
138
What is the highest common divisor of 165 and 120?
15
What is the greatest common divisor of 208 and 20228?
52
Calculate the highest common factor of 36 and 67644.
36
What is the greatest common divisor of 30 and 270?
30
What is the greatest common factor of 40 and 70?
10
Calculate the greatest common factor of 134 and 3752.
134
Calculate the highest common factor of 10 and 8405.
5
Calculate the highest common divisor of 360 and 270.
90
Calculate the greatest common factor of 1976 and 1444.
76
Calculate the greatest common factor of 189 and 49.
7
Calculate the highest common factor of 6 and 768.
6
What is the greatest common divisor of 550 and 50?
50
What is the greatest common divisor of 21 and 2625?
21
Calculate the highest common factor of 2492 and 196.
28
What is the highest common divisor of 2544 and 7473?
159
What is the greatest common factor of 377 and 26?
13
What is the greatest common factor of 783 and 27?
27
What is the highest common factor of 15198 and 102?
102
What is the greatest common factor of 40 and 1055?
5
Calculate the greatest common divisor of 984 and 41.
41
What is the highest common factor of 108 and 492?
12
What is the greatest common factor of 224 and 7?
7
Calculate the highest common divisor of 97 and 1552.
97
Calculate the greatest common factor of 754 and 174.
58
What is the greatest common factor of 16 and 456?
8
Calculate the highest common divisor of 22 and 99.
11
What is the highest common factor of 166 and 2?
2
What is the greatest common factor of 18 and 18846?
18
Calculate the highest common factor of 18378 and 18.
18
What is the greatest common factor of 162 and 5427?
81
Calculate the greatest common factor of 784 and 60760.
392
What is the greatest common divisor of 432 and 4824?
72
What is the greatest common divisor of 3486 and 168?
42
What is the greatest common factor of 273 and 195?
39
What is the highest common factor of 168 and 273?
21
What is the greatest common factor of 4 and 2012?
4
What is the highest common divisor of 882 and 9114?
294
What is the highest common factor of 3 and 173?
1
What is the highest common factor of 92 and 5888?
92
Calculate the highest common factor of 12 and 3.
3
What is the greatest common factor of 120 and 10?
10
Calculate the highest common divisor of 2876 and 2.
2
Calculate the greatest common divisor of 18 and 90.
18
What is the highest common divisor of 840 and 1890?
210
Calculate the greatest common divisor of 10207 and 118.
59
Calculate the greatest common divisor of 113 and 12317.
113
What is the greatest common factor of 96 and 224?
32
Calculate the greatest common divisor of 693 and 22.
11
Calculate the greatest common factor of 5 and 205.
5
What is the highest common factor of 35 and 224?
7
Calculate the greatest common factor of 1388 and 4.
4
What is the highest common factor of 67 and 3?
1
Calculate the highest common divisor of 507 and 3.
3
What is the highest common divisor of 375 and 39?
3
What is the greatest common factor of 448 and 196?
28
Calculate the highest common divisor of 198 and 96.
6
What is the highest common factor of 175 and 40?
5
What is the greatest common factor of 416 and 13?
13
Calculate the highest common divisor of 136 and 64.
8
What is the greatest common divisor of 342 and 798?
114
What is the highest common divisor of 36 and 3936?
12
Calculate the greatest common factor of 20 and 19580.
20
Calculate the highest common factor of 118 and 16579.
59
What is the greatest common factor of 3 and 1821?
3
Calculate the greatest common factor of 11 and 616.
11
What is the highest common factor of 152 and 16?
8
What is the greatest common factor of 11 and 12023?
11
Calculate the highest common divisor of 6063 and 258.
129
What is the greatest common divisor of 464 and 56?
8
Calculate the greatest common divisor of 16 and 400.
16
What is the highest common factor of 564 and 12?
12
What is the greatest common divisor of 102 and 3910?
34
Calculate the greatest common factor of 1746 and 485.
97
What is the greatest common divisor of 944 and 64?
16
Calculate the highest common factor of 693 and 22.
11
What is the greatest common divisor of 201 and 17219?
67
Calculate the highest common divisor of 621 and 23.
23
What is the greatest common divisor of 1550 and 50?
50
What is the highest common factor of 2491 and 47?
47
What is the highest common factor of 45 and 1695?
15
What is the highest common factor of 1245 and 45?
15
Calculate the highest common divisor of 4 and 860.
4
Calculate the greatest common divisor of 304 and 19.
19
Calculate the greatest common factor of 2453 and 242.
11
Calculate the greatest common factor of 721 and 112.
7
Calculate the highest common divisor of 147 and 441.
147
What is the highest common divisor of 10 and 1080?
10
What is the highest common divisor of 23 and 109?
1
What is the greatest common factor of 207 and 2691?
207
Calculate the greatest common factor of 8921 and 22.
11
What is the highest common factor of 11 and 2101?
11
Calculate the greatest common divisor of 475 and 19.
19
What is the highest common divisor of 78 and 182?
26
Calculate the highest common divisor of 21 and 511.
7
Calculate the highest common divisor of 63 and 3222.
9
Calculate the highest common divisor of 1290 and 40.
10
What is the highest common factor of 14 and 31052?
14
What is the greatest common factor of 369 and 164?
41
Calculate the greatest common divisor of 310 and 1457.
31
Calculate the greatest common divisor of 1625 and 611.
13
Calculate the highest common divisor of 117 and